/(-3)?
2
Suppose -2*a = -3*a + 19. Suppose -5 = -3*o + a. Suppose 2*x + w = -3*w + 16, -79 = -5*x + 3*w. What is the remainder when x is divided by o?
6
Let f(i) = -i**2 - 4*i + 38. Suppose 8 - 17 = -y. Calculate the remainder when y is divided by f(4).
3
Suppose 1 = z - 3*c - 1, 3*c = -3*z + 6. Let o = 2 - 0. Calculate the remainder when 25 is divided by 16/2 - o/z.
4
Let l(w) = -25*w**3 - w**2 - 3*w - 3. Calculate the remainder when 117 is divided by l(-1).
21
Let b(f) = -f + 6. Let h be b(11). Let s = h + 24. Calculate the remainder when 55 is divided by s.
17
Suppose -15 = -6*y + y, -3*y + 180 = -r. Let j = r + 65. Let a = -63 - j. Calculate the remainder when a is divided by 15.
13
Suppose 4*y = -4*j + 132, 5*y - 4*j - 192 = -0*j. What is the remainder when y is divided by 13?
10
Let c = -2 - -53. Suppose -c - 25 = -4*b. What is the remainder when 55 is divided by b?
17
Let t(f) = -f**2 - 17*f - 14. Calculate the remainder when 30 is divided by t(-15).
14
Let u(v) be the second derivative of -v**3/6 + 35*v**2/2 - 5*v. Calculate the remainder when u(0) is divided by 19.
16
Let c(r) = 2*r**2 - 6*r + 10. Calculate the remainder when c(7) is divided by 17.
15
Suppose q = 4*q. Suppose 14 = s + u - 2*u, -s + 2*u + 19 = q. Let p(r) = 26*r**3 - 2*r + 1. Calculate the remainder when p(1) is divided by s.
7
Let b be (-35)/(-28)*(-152)/1. Let z = b + 91. Let q = z + 140. Calculate the remainder when q is divided by 21.
20
Let s(q) = -q**2 + 3*q + 4. Let k be (-70)/(-22) - (-4)/(-22). What is the remainder when 11 is divided by s(k)?
3
Suppose -3*z - 450 = -2*q - 3*q, 0 = -4*q + 2*z + 362. Suppose -3*o = -0*o - q. Calculate the remainder when o is divided by 8.
7
Let z = 4 + 17. Suppose 0*v = -2*v + 122. What is the remainder when v is divided by z?
19
Let q(x) = -x**2 - 9*x - 5. Let t(j) = -2*j**2 - 3*j + 2. Let v be t(-3). What is the remainder when 33 is divided by q(v)?
6
Suppose -3*o + 2 = -2*o. Suppose o*k - 9 - 11 = -4*y, -4*k - 2*y = -28. Suppose k*r = 2*r + 76. What is the remainder when 56 is divided by r?
18
Let p(a) = a**2 - a + 23. Suppose x + 8 = 3, 4*x = -j - 18. Suppose 0*b = -j*b. What is the remainder when p(b) is divided by 8?
7
Let a be 13/(4/(-3) - -1). Let z be -59 + 3/3 + 0. Let r = a - z. What is the remainder when r is divided by 7?
5
Let b be (-3 - 0)/6*-4. Let m be 3/(b + 3/3). Let s = m - -9. What is the remainder when s is divided by 6?
4
Suppose 4*y = 0, 5*c + 8 = y + 48. Calculate the remainder when c is divided by ((-8)/(-10))/((-10)/(-75)).
2
Let r(q) = -q**3 + 16*q**2 + 24*q + 14. Calculate the remainder when r(17) is divided by 34.
31
Let p(d) = 4*d - 3*d + 7*d. What is the remainder when 15 is divided by p(1)?
7
Suppose -5*u = -2*g + 43, 5*g = -5*u - 41 + 166. What is the remainder when 45 is divided by g?
21
Suppose 2*g - 64 = -0*g. Calculate the remainder when g is divided by 7.
4
Suppose 4*m - m = 0. Calculate the remainder when (1 - m)/(3/6) is divided by 2.
0
Suppose -n + 1 + 5 = 0. Let x be 8/6*3/(-2). Calculate the remainder when ((-92)/n)/(x/3) is divided by 8.
7
Let d = -36 - -49. What is the remainder when 49 is divided by d?
10
Let f(m) = m + 7. Let n be f(-6). Let c(d) = 56*d + 4. Let o(w) = -14*w - 1. Let x(l) = -2*c(l) - 9*o(l). Calculate the remainder when 43 is divided by x(n).
13
Suppose 5*u = 4*u + 2. Suppose -n + u*n = 4*o - 169, 0 = -3*o - 5*n + 98. Calculate the remainder when o is divided by 11.
8
Let i = 89 - 67. What is the remainder when 41 is divided by i?
19
Let f(x) = -x**3 - 7*x**2 - 3*x - 1. Calculate the remainder when 37 + (-6)/(-1 - 2) is divided by f(-7).
19
Suppose i + 6 = -4*r + 60, -3*r + 50 = -4*i. Suppose 2*q + 10*q - 96 = 0. Calculate the remainder when r is divided by q.
6
Suppose 0 = d + d - 4. Suppose -109 = -2*p - 3*h, d - 11 = 3*h. Calculate the remainder when p is divided by 20.
19
Let o(q) = q**3 + 5*q**2 - q - 4. Let v be o(-5). Let t(r) = r**2 + 24. Calculate the remainder when (284/16)/(v/4) is divided by t(0).
23
Let c(b) = -b + 2. Let p(x) = x - 1. Let a(l) = 2*c(l) + 5*p(l). Suppose 4*u - 21 = 15. Calculate the remainder when u is divided by a(2).
4
Let f(v) = 7*v + 2. Suppose -6 = -4*m + m. Calculate the remainder when m/(-3)*282/(-4) is divided by f(2).
15
Suppose 0 = a + 1 - 4. Suppose -s = a*s - 48. Calculate the remainder when 35 is divided by s.
11
What is the remainder when (5 + (1 - 9))/((-3)/50) is divided by 17?
16
Suppose -q = 3 - 2. Calculate the remainder when q*(-37 - 0/2) is divided by 8.
5
Suppose 3*n = 79 + 32. Let p = -7 - -17. Calculate the remainder when n is divided by p.
7
Suppose -5*v + 5*g + 110 = 0, 5*g - g = -4. Suppose -2*p - p + v = 0. What is the remainder when 19 is divided by p?
5
Suppose 4*h - 22 = 34. Suppose 3*d + 2*w = 8, -2*d - 3*w = -4*d + 14. Calculate the remainder when h is divided by d.
2
Suppose 0 = -2*q + 4*q - 16. Calculate the remainder when 14 is divided by q.
6
Suppose 0 = -3*h - 2*d + 55, -5*h = -d - 3*d - 77. Let a(w) = w**2 + 8*w - 3. What is the remainder when h is divided by a(-9)?
5
What is the remainder when 57 is divided by ((-33)/(-22))/(1/8)?
9
Suppose -p - 2*x = -51, 4*p - 2*x - x - 248 = 0. Suppose v - 5*a + 2 + 33 = 0, 5*v = 3*a - 153. Let r = -15 - v. What is the remainder when p is divided by r?
14
Let m(v) = v**2 + 9*v - 9. What is the remainder when 78 is divided by m(-12)?
24
Suppose 19 + 11 = 3*n. Calculate the remainder when 49 is divided by n.
9
Let h(t) = t**2 + 2*t - 8. Let p be h(4). Let i = -1 + p. What is the remainder when i is divided by 4?
3
Let b = -3 + 3. What is the remainder when 1 + 20 + (2 - b) is divided by (-4)/(-10)*30*1?
11
Let c(q) = -6 + 2 - 2*q - q - 6. Calculate the remainder when 20 is divided by c(-7).
9
What is the remainder when 45 is divided by 189/15 + (-12)/20?
9
Suppose i = 0, 2*l + 5*i = 4*l - 18. Suppose 5*v = 3*g - 5*g + 33, -2*g - 4*v = -36. Calculate the remainder when g is divided by l.
6
Let j = 2 + 0. Suppose 10 = -u + 6*u. Suppose -u*d + 1 = -3. What is the remainder when d is divided by j?
0
Suppose -3*p - 4*h = -23, 4*p - 5*p + 4*h = 3. Suppose -5*c - 4*t = -p*t - 81, -3*t - 73 = -5*c. Calculate the remainder when 67 is divided by c.
16
Let y(n) = -n**3 - 6*n**2 - 6*n + 5. Let m(a) = 3*a**2 - 3*a - 3. Calculate the remainder when y(-7) is divided by m(4).
30
Let y(f) = 18*f - 1. Calculate the remainder when y(1) is divided by 7.
3
Let c(b) = -b**3 + 2*b + 9. Calculate the remainder when c(0) is divided by 5.
4
Let o = 205 - 117. Suppose 4*w - o = 3*r - 5*r, 3*r = 2*w - 36. Calculate the remainder when 62 is divided by w.
20
Let t = 20 + -17. Suppose 4*c + 1 = 5. What is the remainder when t is divided by c?
0
Calculate the remainder when 149 is divided by (1*2)/((-33)/(-627)).
35
Let c(v) = 2*v**2 + 5*v - 2. Suppose 0 = -7*d + 4*d + 54. What is the remainder when d is divided by c(-4)?
8
Let o be (15/6)/((-2)/(-4)). Suppose 76 - 11 = o*c. Suppose -2*p + 1 + 15 = 0. Calculate the remainder when c is divided by p.
5
Let l = -105 - -161. Calculate the remainder when l is divided by 15.
11
Let u = 18 + -8. Calculate the remainder when 36 is divided by u.
6
What is the remainder when (-2418)/(-104) + (-2)/(-8)*-1 is divided by 14?
9
Suppose 5*p - 110 = 3*p. Calculate the remainder when p is divided by 28.
27
Suppose l + 2*u - 31 = -2*u, 40 = 5*l - 3*u. Let n = 8 - l. Calculate the remainder when ((-43)/n)/((-2)/(-6)) is divided by 15.
13
Suppose -2*g - 5*p = 16 + 45, g - 2*p + 17 = 0. Let v(w) = 2*w - 5. Let r be v(4). What is the remainder when 67 is divided by 0 - r - -3 - g?
21
Let i(r) = -6*r + 9. Calculate the remainder when 89 is divided by i(-1).
14
Suppose -2*r + 5*k = -31, r - k = 2*r - 5. Suppose -r = 4*l, -l - 25 = -3*o + l. What is the remainder when (3 - -11) + -1 + -1 is divided by o?
5
Let g(k) = k**2 + k + 10. Let j(l) = 2*l**2 + l + 19. Let r(w) = 11*g(w) - 6*j(w). Suppose -5*o + 4 + 6 = 0. Calculate the remainder when r(3) is divided by o.
0
Suppose 2*p + 3 = 3*p. What is the remainder when 13 is divided by p?
1
Suppose 2*x + 8 + 0 = 0, -4*x = -3*p + 121. Calculate the remainder when p is divided by (32/(-20))/((-6)/45).
11
Suppose 0 = -9*x + 18*x - 72. What is the remainder when 47 is divided by x?
7
Let b = 206 - 190. Calculate the rema